isor of 21431 and 8107569.
739
What is the greatest common divisor of 102936 and 18168?
24
What is the greatest common divisor of 31680 and 1427976?
792
Calculate the highest common factor of 3017 and 35133827.
431
What is the highest common factor of 2096542 and 368?
46
What is the greatest common factor of 18571488 and 184?
184
What is the greatest common divisor of 160 and 18293170?
10
What is the greatest common divisor of 136359 and 566703?
1251
Calculate the highest common factor of 39403 and 12739293.
3031
Calculate the greatest common divisor of 165244528 and 59008.
7376
Calculate the highest common factor of 3664328 and 5768.
824
What is the highest common divisor of 8100 and 1143396?
324
What is the highest common divisor of 110817665 and 2345?
2345
What is the greatest common divisor of 18185564 and 488?
244
Calculate the highest common divisor of 72729 and 31221.
9
What is the highest common divisor of 108 and 661124?
4
Calculate the highest common divisor of 1066391 and 4899266.
3407
Calculate the greatest common factor of 1664 and 11565424.
208
Calculate the highest common factor of 1064 and 411767468.
532
Calculate the greatest common divisor of 41185728 and 126.
18
Calculate the highest common divisor of 198 and 451812834.
198
Calculate the greatest common divisor of 166812 and 1896.
12
What is the greatest common factor of 46720464 and 14?
14
What is the greatest common divisor of 1139 and 691373?
1139
What is the highest common divisor of 1302913181 and 491?
491
What is the greatest common divisor of 15683604 and 480?
12
Calculate the highest common divisor of 134428 and 1316.
28
What is the greatest common divisor of 18 and 1676172?
6
Calculate the highest common factor of 3144 and 57295863.
393
What is the highest common factor of 5892 and 24896?
4
What is the highest common factor of 2094 and 492788?
698
What is the greatest common divisor of 1040 and 38774840?
520
Calculate the highest common divisor of 6660 and 651124890.
3330
Calculate the greatest common divisor of 3031 and 5389984.
433
What is the highest common factor of 904 and 414526036?
452
Calculate the greatest common factor of 219436 and 10489.
17
What is the highest common divisor of 966 and 25790268?
966
Calculate the highest common divisor of 3 and 4109226.
3
Calculate the greatest common divisor of 264276 and 883980.
108
Calculate the highest common divisor of 7 and 1387007.
1
Calculate the greatest common factor of 58923553 and 13.
13
Calculate the highest common divisor of 1878098 and 290.
58
What is the highest common factor of 32590040 and 840?
280
Calculate the highest common divisor of 566 and 287074634.
566
What is the highest common factor of 15563 and 175933?
79
What is the greatest common divisor of 19872 and 55656?
72
Calculate the highest common factor of 1499448942 and 1436.
718
What is the highest common divisor of 159486708 and 9264?
2316
Calculate the highest common divisor of 122 and 319628227.
61
What is the greatest common factor of 59431462 and 1006?
1006
Calculate the highest common factor of 7173026 and 830.
166
Calculate the highest common divisor of 8232 and 5422242.
294
Calculate the highest common divisor of 11004521 and 44.
11
Calculate the highest common divisor of 2412975 and 2325.
75
Calculate the greatest common divisor of 4130 and 297010.
70
What is the highest common factor of 82 and 332141?
41
Calculate the highest common factor of 8140 and 36597699.
37
What is the highest common divisor of 2673397296 and 916?
916
What is the highest common factor of 776209420 and 140?
140
Calculate the highest common factor of 103307427 and 8721.
513
Calculate the greatest common divisor of 113081485 and 22.
11
What is the greatest common divisor of 133 and 13703427?
19
What is the greatest common divisor of 41847 and 305916?
1443
What is the highest common divisor of 23541506 and 8718?
2906
What is the greatest common divisor of 590571 and 368?
23
Calculate the greatest common factor of 178851430 and 4475.
895
What is the highest common divisor of 359071 and 19770833?
2741
Calculate the highest common factor of 496 and 64898128.
496
Calculate the highest common divisor of 1435 and 1358699.
41
What is the greatest common divisor of 21120 and 40960?
640
What is the greatest common factor of 316 and 5341427?
79
Calculate the greatest common divisor of 669 and 11470451.
223
What is the greatest common divisor of 4806900 and 1953?
63
Calculate the highest common divisor of 263907 and 1586424.
1491
Calculate the greatest common factor of 2355006742 and 22.
22
What is the highest common divisor of 226213 and 3133?
13
What is the greatest common divisor of 948 and 115212?
12
What is the highest common factor of 8037 and 260631873?
8037
What is the greatest common factor of 421 and 10116209?
421
Calculate the greatest common factor of 104750 and 1150250.
250
What is the greatest common divisor of 60 and 33485912?
4
What is the highest common factor of 1679737 and 1034785?
349
Calculate the greatest common divisor of 1007036 and 60704.
1084
What is the greatest common divisor of 5856546 and 24?
6
What is the highest common factor of 21223616 and 13600?
544
What is the greatest common factor of 264 and 15733586?
22
What is the highest common factor of 215 and 57336415?
215
Calculate the highest common divisor of 8096 and 1296064.
352
Calculate the greatest common factor of 12316770 and 12198.
642
Calculate the highest common divisor of 99401 and 167.
1
What is the highest common divisor of 12 and 987612?
12
What is the highest common divisor of 4984 and 11198692?
356
What is the greatest common divisor of 7441 and 19355?
7
Calculate the highest common factor of 1917 and 1111779.
27
What is the highest common factor of 2106 and 22387014?
234
What is the highest common factor of 78342320 and 2786?
2786
What is the highest common factor of 213555 and 299?
23
Calculate the greatest common factor of 21707 and 297920.
49
What is the greatest common divisor of 78 and 99720231?
39
Calculate the highest common factor of 6927020 and 3040.
380
What is the highest common divisor of 34 and 5876713?
17
What is the greatest common divisor of 93984 and 235664?
176
What is the greatest common factor of 4380 and 79001940?
60
What is the greatest common factor of 45 and 16155780?
15
What is the highest common factor of 3788992 and 1256768?
4672
Calculate the greatest common divisor of 1636 and 50970398.
818
What is the greatest common factor of 2459990 and 745?
745
What is the greatest common factor of 437 and 28687587?
19
Calculate the greatest common divisor of 21345 and 227400.
15
Calculate the highest common factor of 4727 and 68353.
29
Calculate the highest common divisor of 101160418 and 1432.
358
Calculate the greatest common divisor of 434131 and 7891669.
5947
Calculate the highest common factor of 235782 and 119862.
18
Calculate the highest common factor of 405 and 250367670.
45
Calculate the highest common factor of 8835982 and 33853.
349
What is the greatest common factor of 37015 and 4620715?
55
What is the highest common factor of 35642 and 3666?
2
Calculate the highest common divisor of 1065 and 67064541.
213
Calculate the highest common divisor of 4127383 and 4784.
13
What is the highest common divisor of 3185 and 1266447?
91
Calculate the greatest common divisor of 1218694 and 552443.
2371
What is the highest common factor of 616 and 309078?
154
Calculate the highest common factor of 136226524 and 140.
28
Calculate the greatest common factor of 208523020 and 188.
188
Calculate the greatest common factor of 81057 and 69249.
123
What is the greatest common factor of 751071 and 3471?
267
What is the greatest common divisor of 298 and 7444189?
149
Calculate the highest common factor of 117369 and 2576.
161
What is the highest common factor of 72 and 474390036?
36
What is the highest common factor of 195492 and 251724?
132
Calculate the highest common divisor of 408586653 and 34.
17
Calculate the highest common divisor of 15 and 4167175.
5
What is the greatest common factor of 15516 and 24669578?
862
Calculate the highest common factor of 185 and 69893370.
185
What is the greatest common factor of 122337 and 811049?
4531
What is the highest common fact